{"id":13,"date":"2024-03-23T18:09:40","date_gmt":"2024-03-23T17:09:40","guid":{"rendered":"https:\/\/harasdaurlann.com\/?page_id=13"},"modified":"2024-03-27T17:09:09","modified_gmt":"2024-03-27T16:09:09","slug":"elevagedaurlann","status":"publish","type":"page","link":"https:\/\/harasdaurlann.com\/index.php\/elevagedaurlann\/","title":{"rendered":"Elevage"},"content":{"rendered":"\t\t<div data-elementor-type=\"wp-page\" data-elementor-id=\"13\" class=\"elementor elementor-13\">\n\t\t\t\t<div class=\"elementor-element elementor-element-df001d4 e-flex e-con-boxed e-con e-parent\" data-id=\"df001d4\" data-element_type=\"container\">\n\t\t\t\t\t<div class=\"e-con-inner\">\n\t\t\t\t<div class=\"elementor-element elementor-element-a0c286e elementor-widget elementor-widget-heading\" data-id=\"a0c286e\" data-element_type=\"widget\" data-widget_type=\"heading.default\">\n\t\t\t\t<div class=\"elementor-widget-container\">\n\t\t\t\t\t<h2 class=\"elementor-heading-title elementor-size-default\">\u00c9LEVAGE D'AURLANN<\/h2>\t\t\t\t<\/div>\n\t\t\t\t<\/div>\n\t\t\t\t<div class=\"elementor-element elementor-element-ec4c4d0 elementor-widget elementor-widget-text-editor\" data-id=\"ec4c4d0\" data-element_type=\"widget\" data-widget_type=\"text-editor.default\">\n\t\t\t\t<div class=\"elementor-widget-container\">\n\t\t\t\t\t\t\t\t\t<p>Du foal, aux poulini\u00e8res ou aux \u00e9talons, le Haras d&rsquo;Aurlann souhaite pouvoir proposer aux passionn\u00e9s d\u2019\u00e9levage et de sport un large choix de chevaux.<\/p>\t\t\t\t\t\t\t\t<\/div>\n\t\t\t\t<\/div>\n\t\t\t\t\t<\/div>\n\t\t\t\t<\/div>\n\t\t<div class=\"elementor-element elementor-element-3dc9ce4 e-flex e-con-boxed e-con e-parent\" data-id=\"3dc9ce4\" data-element_type=\"container\">\n\t\t\t\t\t<div class=\"e-con-inner\">\n\t\t<div class=\"elementor-element elementor-element-939cc93 e-con-full e-flex e-con e-child\" data-id=\"939cc93\" data-element_type=\"container\">\n\t\t\t\t<div class=\"elementor-element elementor-element-b6f4e7c elementor-widget elementor-widget-image\" data-id=\"b6f4e7c\" data-element_type=\"widget\" data-widget_type=\"image.default\">\n\t\t\t\t<div class=\"elementor-widget-container\">\n\t\t\t\t\t\t\t\t\t\t\t\t\t\t\t\t<a href=\"https:\/\/harasdaurlann.com\/index.php\/poulains-nes-cette-annee\/\">\n\t\t\t\t\t\t\t<img fetchpriority=\"high\" decoding=\"async\" width=\"1024\" height=\"861\" src=\"https:\/\/harasdaurlann.com\/wp-content\/uploads\/2024\/03\/Capture-decran-2024-03-26-a-17.19.48-1024x861.png\" class=\"attachment-large size-large wp-image-426\" alt=\"\u00c9levage d&#039;Aurlann\" srcset=\"https:\/\/harasdaurlann.com\/wp-content\/uploads\/2024\/03\/Capture-decran-2024-03-26-a-17.19.48-1024x861.png 1024w, https:\/\/harasdaurlann.com\/wp-content\/uploads\/2024\/03\/Capture-decran-2024-03-26-a-17.19.48-300x252.png 300w, https:\/\/harasdaurlann.com\/wp-content\/uploads\/2024\/03\/Capture-decran-2024-03-26-a-17.19.48-768x646.png 768w, https:\/\/harasdaurlann.com\/wp-content\/uploads\/2024\/03\/Capture-decran-2024-03-26-a-17.19.48.png 1246w\" sizes=\"(max-width: 1024px) 100vw, 1024px\" \/>\t\t\t\t\t\t\t\t<\/a>\n\t\t\t\t\t\t\t\t\t\t\t\t\t\t\t<\/div>\n\t\t\t\t<\/div>\n\t\t\t\t<\/div>\n\t\t<div class=\"elementor-element elementor-element-fc6382d e-con-full e-flex e-con e-child\" data-id=\"fc6382d\" data-element_type=\"container\">\n\t\t\t\t<div class=\"elementor-element elementor-element-4b9e51a elementor-widget elementor-widget-image\" data-id=\"4b9e51a\" data-element_type=\"widget\" data-widget_type=\"image.default\">\n\t\t\t\t<div class=\"elementor-widget-container\">\n\t\t\t\t\t\t\t\t\t\t\t\t\t\t\t\t<a href=\"https:\/\/harasdaurlann.com\/index.php\/poulains-de-1-an\/\">\n\t\t\t\t\t\t\t<img decoding=\"async\" width=\"1024\" height=\"858\" src=\"https:\/\/harasdaurlann.com\/wp-content\/uploads\/2024\/03\/Capture-decran-2024-03-26-a-17.19.36-1024x858.png\" class=\"attachment-large size-large wp-image-425\" alt=\"\u00c9levage d&#039;Aurlann\" srcset=\"https:\/\/harasdaurlann.com\/wp-content\/uploads\/2024\/03\/Capture-decran-2024-03-26-a-17.19.36-1024x858.png 1024w, https:\/\/harasdaurlann.com\/wp-content\/uploads\/2024\/03\/Capture-decran-2024-03-26-a-17.19.36-300x251.png 300w, https:\/\/harasdaurlann.com\/wp-content\/uploads\/2024\/03\/Capture-decran-2024-03-26-a-17.19.36-768x644.png 768w, https:\/\/harasdaurlann.com\/wp-content\/uploads\/2024\/03\/Capture-decran-2024-03-26-a-17.19.36.png 1248w\" sizes=\"(max-width: 1024px) 100vw, 1024px\" \/>\t\t\t\t\t\t\t\t<\/a>\n\t\t\t\t\t\t\t\t\t\t\t\t\t\t\t<\/div>\n\t\t\t\t<\/div>\n\t\t\t\t<\/div>\n\t\t\t\t\t<\/div>\n\t\t\t\t<\/div>\n\t\t<div class=\"elementor-element elementor-element-9c1059a e-flex e-con-boxed e-con e-parent\" data-id=\"9c1059a\" data-element_type=\"container\">\n\t\t\t\t\t<div class=\"e-con-inner\">\n\t\t<div class=\"elementor-element elementor-element-1dca94b e-con-full e-flex e-con e-child\" data-id=\"1dca94b\" data-element_type=\"container\">\n\t\t\t\t<div class=\"elementor-element elementor-element-b727e55 elementor-widget elementor-widget-image\" data-id=\"b727e55\" data-element_type=\"widget\" data-widget_type=\"image.default\">\n\t\t\t\t<div class=\"elementor-widget-container\">\n\t\t\t\t\t\t\t\t\t\t\t\t\t\t\t\t<a href=\"https:\/\/harasdaurlann.com\/index.php\/poulains-de-2-ans\/\">\n\t\t\t\t\t\t\t<img decoding=\"async\" width=\"1024\" height=\"864\" src=\"https:\/\/harasdaurlann.com\/wp-content\/uploads\/2024\/03\/Capture-decran-2024-03-26-a-17.19.58-1024x864.png\" class=\"attachment-large size-large wp-image-427\" alt=\"\u00c9levage d&#039;Aurlann\" srcset=\"https:\/\/harasdaurlann.com\/wp-content\/uploads\/2024\/03\/Capture-decran-2024-03-26-a-17.19.58-1024x864.png 1024w, https:\/\/harasdaurlann.com\/wp-content\/uploads\/2024\/03\/Capture-decran-2024-03-26-a-17.19.58-300x253.png 300w, https:\/\/harasdaurlann.com\/wp-content\/uploads\/2024\/03\/Capture-decran-2024-03-26-a-17.19.58-768x648.png 768w, https:\/\/harasdaurlann.com\/wp-content\/uploads\/2024\/03\/Capture-decran-2024-03-26-a-17.19.58.png 1244w\" sizes=\"(max-width: 1024px) 100vw, 1024px\" \/>\t\t\t\t\t\t\t\t<\/a>\n\t\t\t\t\t\t\t\t\t\t\t\t\t\t\t<\/div>\n\t\t\t\t<\/div>\n\t\t\t\t<\/div>\n\t\t<div class=\"elementor-element elementor-element-d5190ba e-con-full e-flex e-con e-child\" data-id=\"d5190ba\" data-element_type=\"container\">\n\t\t\t\t<div class=\"elementor-element elementor-element-f8c8770 elementor-widget elementor-widget-image\" data-id=\"f8c8770\" data-element_type=\"widget\" data-widget_type=\"image.default\">\n\t\t\t\t<div class=\"elementor-widget-container\">\n\t\t\t\t\t\t\t\t\t\t\t\t\t\t\t\t<a href=\"https:\/\/harasdaurlann.com\/index.php\/poulains-de-3-ans\/\">\n\t\t\t\t\t\t\t<img loading=\"lazy\" decoding=\"async\" width=\"1024\" height=\"856\" src=\"https:\/\/harasdaurlann.com\/wp-content\/uploads\/2024\/03\/Capture-decran-2024-03-26-a-17.20.10-1024x856.png\" class=\"attachment-large size-large wp-image-429\" alt=\"\" srcset=\"https:\/\/harasdaurlann.com\/wp-content\/uploads\/2024\/03\/Capture-decran-2024-03-26-a-17.20.10-1024x856.png 1024w, https:\/\/harasdaurlann.com\/wp-content\/uploads\/2024\/03\/Capture-decran-2024-03-26-a-17.20.10-300x251.png 300w, https:\/\/harasdaurlann.com\/wp-content\/uploads\/2024\/03\/Capture-decran-2024-03-26-a-17.20.10-768x642.png 768w, https:\/\/harasdaurlann.com\/wp-content\/uploads\/2024\/03\/Capture-decran-2024-03-26-a-17.20.10.png 1246w\" sizes=\"(max-width: 1024px) 100vw, 1024px\" \/>\t\t\t\t\t\t\t\t<\/a>\n\t\t\t\t\t\t\t\t\t\t\t\t\t\t\t<\/div>\n\t\t\t\t<\/div>\n\t\t\t\t<\/div>\n\t\t\t\t\t<\/div>\n\t\t\t\t<\/div>\n\t\t<div class=\"elementor-element elementor-element-ea637be e-flex e-con-boxed e-con e-parent\" data-id=\"ea637be\" data-element_type=\"container\">\n\t\t\t\t\t<div class=\"e-con-inner\">\n\t\t<div class=\"elementor-element elementor-element-45d5fa6 e-con-full e-flex e-con e-child\" data-id=\"45d5fa6\" data-element_type=\"container\">\n\t\t\t\t<div class=\"elementor-element elementor-element-71f3d9b elementor-widget elementor-widget-image\" data-id=\"71f3d9b\" data-element_type=\"widget\" data-widget_type=\"image.default\">\n\t\t\t\t<div class=\"elementor-widget-container\">\n\t\t\t\t\t\t\t\t\t\t\t\t\t\t\t\t<a href=\"https:\/\/harasdaurlann.com\/index.php\/poulinieres\/\">\n\t\t\t\t\t\t\t<img loading=\"lazy\" decoding=\"async\" width=\"1024\" height=\"855\" src=\"https:\/\/harasdaurlann.com\/wp-content\/uploads\/2024\/03\/Capture-decran-2024-03-26-a-17.20.19-1024x855.png\" class=\"attachment-large size-large wp-image-428\" alt=\"\" srcset=\"https:\/\/harasdaurlann.com\/wp-content\/uploads\/2024\/03\/Capture-decran-2024-03-26-a-17.20.19-1024x855.png 1024w, https:\/\/harasdaurlann.com\/wp-content\/uploads\/2024\/03\/Capture-decran-2024-03-26-a-17.20.19-300x250.png 300w, https:\/\/harasdaurlann.com\/wp-content\/uploads\/2024\/03\/Capture-decran-2024-03-26-a-17.20.19-768x641.png 768w, https:\/\/harasdaurlann.com\/wp-content\/uploads\/2024\/03\/Capture-decran-2024-03-26-a-17.20.19.png 1248w\" sizes=\"(max-width: 1024px) 100vw, 1024px\" \/>\t\t\t\t\t\t\t\t<\/a>\n\t\t\t\t\t\t\t\t\t\t\t\t\t\t\t<\/div>\n\t\t\t\t<\/div>\n\t\t\t\t<\/div>\n\t\t<div class=\"elementor-element elementor-element-52d87f0 e-con-full e-flex e-con e-child\" data-id=\"52d87f0\" data-element_type=\"container\">\n\t\t\t\t<\/div>\n\t\t\t\t\t<\/div>\n\t\t\t\t<\/div>\n\t\t<div class=\"elementor-element elementor-element-1c9296b e-flex e-con-boxed e-con e-parent\" data-id=\"1c9296b\" data-element_type=\"container\">\n\t\t\t\t\t<div class=\"e-con-inner\">\n\t\t\t\t<div class=\"elementor-element elementor-element-bcdb58c elementor-widget elementor-widget-spacer\" data-id=\"bcdb58c\" data-element_type=\"widget\" data-widget_type=\"spacer.default\">\n\t\t\t\t<div class=\"elementor-widget-container\">\n\t\t\t\t\t\t\t<div class=\"elementor-spacer\">\n\t\t\t<div class=\"elementor-spacer-inner\"><\/div>\n\t\t<\/div>\n\t\t\t\t\t\t<\/div>\n\t\t\t\t<\/div>\n\t\t\t\t<div class=\"elementor-element elementor-element-9b9f73c elementor-widget elementor-widget-text-editor\" data-id=\"9b9f73c\" data-element_type=\"widget\" data-widget_type=\"text-editor.default\">\n\t\t\t\t<div class=\"elementor-widget-container\">\n\t\t\t\t\t\t\t\t\t<p>Retrouvez nous sur nos r\u00e9seaux sociaux : <a href=\"https:\/\/www.facebook.com\/HarasdAurlann\">Facebook<\/a> et <a href=\"https:\/\/www.instagram.com\/elevage_d_aurlann\/\">Instagram<\/a>.<\/p>\t\t\t\t\t\t\t\t<\/div>\n\t\t\t\t<\/div>\n\t\t\t\t\t<\/div>\n\t\t\t\t<\/div>\n\t\t\t\t<\/div>\n\t\t","protected":false},"excerpt":{"rendered":"<p>\u00c9LEVAGE D&rsquo;AURLANN Du foal, aux poulini\u00e8res ou aux \u00e9talons, le Haras d&rsquo;Aurlann souhaite pouvoir proposer aux passionn\u00e9s d\u2019\u00e9levage et de sport un large choix de chevaux. Retrouvez nous sur nos r\u00e9seaux sociaux : Facebook et Instagram.<\/p>\n","protected":false},"author":1,"featured_media":0,"parent":0,"menu_order":0,"comment_status":"closed","ping_status":"closed","template":"","meta":{"footnotes":""},"class_list":["post-13","page","type-page","status-publish","hentry","entry"],"yoast_head":"<!-- This site is optimized with the Yoast SEO plugin v25.7 - https:\/\/yoast.com\/wordpress\/plugins\/seo\/ -->\n<title>\u00c9levage d&#039;Aurlann<\/title>\n<meta name=\"description\" content=\"Du foal, aux poulini\u00e8res , l&#039;\u00e9levage d\u2019Aurlann souhaite pouvoir proposer aux passionn\u00e9s d\u2019\u00e9levage et de sport un large choix de chevaux.\" \/>\n<meta name=\"robots\" content=\"index, follow, max-snippet:-1, max-image-preview:large, max-video-preview:-1\" \/>\n<link rel=\"canonical\" href=\"https:\/\/harasdaurlann.com\/index.php\/elevagedaurlann\/\" \/>\n<meta property=\"og:locale\" content=\"fr_FR\" \/>\n<meta property=\"og:type\" content=\"article\" \/>\n<meta property=\"og:title\" content=\"\u00c9levage d&#039;Aurlann\" \/>\n<meta property=\"og:description\" content=\"Du foal, aux poulini\u00e8res , l&#039;\u00e9levage d\u2019Aurlann souhaite pouvoir proposer aux passionn\u00e9s d\u2019\u00e9levage et de sport un large choix de chevaux.\" \/>\n<meta property=\"og:url\" content=\"https:\/\/harasdaurlann.com\/index.php\/elevagedaurlann\/\" \/>\n<meta property=\"article:publisher\" content=\"https:\/\/www.facebook.com\/HarasdAurlann\" \/>\n<meta property=\"article:modified_time\" content=\"2024-03-27T16:09:09+00:00\" \/>\n<meta property=\"og:image\" content=\"https:\/\/harasdaurlann.com\/wp-content\/uploads\/2024\/03\/Capture-decran-2024-03-26-a-17.19.48-1024x861.png\" \/>\n<meta name=\"twitter:card\" content=\"summary_large_image\" \/>\n<meta name=\"twitter:label1\" content=\"Dur\u00e9e de lecture estim\u00e9e\" \/>\n\t<meta name=\"twitter:data1\" content=\"2 minutes\" \/>\n<script type=\"application\/ld+json\" class=\"yoast-schema-graph\">{\"@context\":\"https:\/\/schema.org\",\"@graph\":[{\"@type\":\"WebPage\",\"@id\":\"https:\/\/harasdaurlann.com\/index.php\/elevagedaurlann\/\",\"url\":\"https:\/\/harasdaurlann.com\/index.php\/elevagedaurlann\/\",\"name\":\"\u00c9levage d'Aurlann\",\"isPartOf\":{\"@id\":\"https:\/\/harasdaurlann.com\/#website\"},\"primaryImageOfPage\":{\"@id\":\"https:\/\/harasdaurlann.com\/index.php\/elevagedaurlann\/#primaryimage\"},\"image\":{\"@id\":\"https:\/\/harasdaurlann.com\/index.php\/elevagedaurlann\/#primaryimage\"},\"thumbnailUrl\":\"https:\/\/harasdaurlann.com\/wp-content\/uploads\/2024\/03\/Capture-decran-2024-03-26-a-17.19.48-1024x861.png\",\"datePublished\":\"2024-03-23T17:09:40+00:00\",\"dateModified\":\"2024-03-27T16:09:09+00:00\",\"description\":\"Du foal, aux poulini\u00e8res , l'\u00e9levage d\u2019Aurlann souhaite pouvoir proposer aux passionn\u00e9s d\u2019\u00e9levage et de sport un large choix de chevaux.\",\"breadcrumb\":{\"@id\":\"https:\/\/harasdaurlann.com\/index.php\/elevagedaurlann\/#breadcrumb\"},\"inLanguage\":\"fr-FR\",\"potentialAction\":[{\"@type\":\"ReadAction\",\"target\":[\"https:\/\/harasdaurlann.com\/index.php\/elevagedaurlann\/\"]}]},{\"@type\":\"ImageObject\",\"inLanguage\":\"fr-FR\",\"@id\":\"https:\/\/harasdaurlann.com\/index.php\/elevagedaurlann\/#primaryimage\",\"url\":\"https:\/\/harasdaurlann.com\/wp-content\/uploads\/2024\/03\/Capture-decran-2024-03-26-a-17.19.48.png\",\"contentUrl\":\"https:\/\/harasdaurlann.com\/wp-content\/uploads\/2024\/03\/Capture-decran-2024-03-26-a-17.19.48.png\",\"width\":1246,\"height\":1048,\"caption\":\"\u00c9levage d'Aurlann\"},{\"@type\":\"BreadcrumbList\",\"@id\":\"https:\/\/harasdaurlann.com\/index.php\/elevagedaurlann\/#breadcrumb\",\"itemListElement\":[{\"@type\":\"ListItem\",\"position\":1,\"name\":\"Accueil\",\"item\":\"https:\/\/harasdaurlann.com\/\"},{\"@type\":\"ListItem\",\"position\":2,\"name\":\"Elevage\"}]},{\"@type\":\"WebSite\",\"@id\":\"https:\/\/harasdaurlann.com\/#website\",\"url\":\"https:\/\/harasdaurlann.com\/\",\"name\":\"Haras d'Aurlann\",\"description\":\"\",\"publisher\":{\"@id\":\"https:\/\/harasdaurlann.com\/#organization\"},\"potentialAction\":[{\"@type\":\"SearchAction\",\"target\":{\"@type\":\"EntryPoint\",\"urlTemplate\":\"https:\/\/harasdaurlann.com\/?s={search_term_string}\"},\"query-input\":{\"@type\":\"PropertyValueSpecification\",\"valueRequired\":true,\"valueName\":\"search_term_string\"}}],\"inLanguage\":\"fr-FR\"},{\"@type\":\"Organization\",\"@id\":\"https:\/\/harasdaurlann.com\/#organization\",\"name\":\"Scea de Kervache\",\"url\":\"https:\/\/harasdaurlann.com\/\",\"logo\":{\"@type\":\"ImageObject\",\"inLanguage\":\"fr-FR\",\"@id\":\"https:\/\/harasdaurlann.com\/#\/schema\/logo\/image\/\",\"url\":\"https:\/\/harasdaurlann.com\/wp-content\/uploads\/2024\/03\/cropped-Capture_d_ecran_2024-03-23_a_18.24.23-removebg-preview.png\",\"contentUrl\":\"https:\/\/harasdaurlann.com\/wp-content\/uploads\/2024\/03\/cropped-Capture_d_ecran_2024-03-23_a_18.24.23-removebg-preview.png\",\"width\":493,\"height\":501,\"caption\":\"Scea de Kervache\"},\"image\":{\"@id\":\"https:\/\/harasdaurlann.com\/#\/schema\/logo\/image\/\"},\"sameAs\":[\"https:\/\/www.facebook.com\/HarasdAurlann\",\"https:\/\/www.instagram.com\/elevage_d_aurlann\/\"]}]}<\/script>\n<!-- \/ Yoast SEO plugin. -->","yoast_head_json":{"title":"\u00c9levage d'Aurlann","description":"Du foal, aux poulini\u00e8res , l'\u00e9levage d\u2019Aurlann souhaite pouvoir proposer aux passionn\u00e9s d\u2019\u00e9levage et de sport un large choix de chevaux.","robots":{"index":"index","follow":"follow","max-snippet":"max-snippet:-1","max-image-preview":"max-image-preview:large","max-video-preview":"max-video-preview:-1"},"canonical":"https:\/\/harasdaurlann.com\/index.php\/elevagedaurlann\/","og_locale":"fr_FR","og_type":"article","og_title":"\u00c9levage d'Aurlann","og_description":"Du foal, aux poulini\u00e8res , l'\u00e9levage d\u2019Aurlann souhaite pouvoir proposer aux passionn\u00e9s d\u2019\u00e9levage et de sport un large choix de chevaux.","og_url":"https:\/\/harasdaurlann.com\/index.php\/elevagedaurlann\/","article_publisher":"https:\/\/www.facebook.com\/HarasdAurlann","article_modified_time":"2024-03-27T16:09:09+00:00","og_image":[{"url":"https:\/\/harasdaurlann.com\/wp-content\/uploads\/2024\/03\/Capture-decran-2024-03-26-a-17.19.48-1024x861.png","type":"","width":"","height":""}],"twitter_card":"summary_large_image","twitter_misc":{"Dur\u00e9e de lecture estim\u00e9e":"2 minutes"},"schema":{"@context":"https:\/\/schema.org","@graph":[{"@type":"WebPage","@id":"https:\/\/harasdaurlann.com\/index.php\/elevagedaurlann\/","url":"https:\/\/harasdaurlann.com\/index.php\/elevagedaurlann\/","name":"\u00c9levage d'Aurlann","isPartOf":{"@id":"https:\/\/harasdaurlann.com\/#website"},"primaryImageOfPage":{"@id":"https:\/\/harasdaurlann.com\/index.php\/elevagedaurlann\/#primaryimage"},"image":{"@id":"https:\/\/harasdaurlann.com\/index.php\/elevagedaurlann\/#primaryimage"},"thumbnailUrl":"https:\/\/harasdaurlann.com\/wp-content\/uploads\/2024\/03\/Capture-decran-2024-03-26-a-17.19.48-1024x861.png","datePublished":"2024-03-23T17:09:40+00:00","dateModified":"2024-03-27T16:09:09+00:00","description":"Du foal, aux poulini\u00e8res , l'\u00e9levage d\u2019Aurlann souhaite pouvoir proposer aux passionn\u00e9s d\u2019\u00e9levage et de sport un large choix de chevaux.","breadcrumb":{"@id":"https:\/\/harasdaurlann.com\/index.php\/elevagedaurlann\/#breadcrumb"},"inLanguage":"fr-FR","potentialAction":[{"@type":"ReadAction","target":["https:\/\/harasdaurlann.com\/index.php\/elevagedaurlann\/"]}]},{"@type":"ImageObject","inLanguage":"fr-FR","@id":"https:\/\/harasdaurlann.com\/index.php\/elevagedaurlann\/#primaryimage","url":"https:\/\/harasdaurlann.com\/wp-content\/uploads\/2024\/03\/Capture-decran-2024-03-26-a-17.19.48.png","contentUrl":"https:\/\/harasdaurlann.com\/wp-content\/uploads\/2024\/03\/Capture-decran-2024-03-26-a-17.19.48.png","width":1246,"height":1048,"caption":"\u00c9levage d'Aurlann"},{"@type":"BreadcrumbList","@id":"https:\/\/harasdaurlann.com\/index.php\/elevagedaurlann\/#breadcrumb","itemListElement":[{"@type":"ListItem","position":1,"name":"Accueil","item":"https:\/\/harasdaurlann.com\/"},{"@type":"ListItem","position":2,"name":"Elevage"}]},{"@type":"WebSite","@id":"https:\/\/harasdaurlann.com\/#website","url":"https:\/\/harasdaurlann.com\/","name":"Haras d'Aurlann","description":"","publisher":{"@id":"https:\/\/harasdaurlann.com\/#organization"},"potentialAction":[{"@type":"SearchAction","target":{"@type":"EntryPoint","urlTemplate":"https:\/\/harasdaurlann.com\/?s={search_term_string}"},"query-input":{"@type":"PropertyValueSpecification","valueRequired":true,"valueName":"search_term_string"}}],"inLanguage":"fr-FR"},{"@type":"Organization","@id":"https:\/\/harasdaurlann.com\/#organization","name":"Scea de Kervache","url":"https:\/\/harasdaurlann.com\/","logo":{"@type":"ImageObject","inLanguage":"fr-FR","@id":"https:\/\/harasdaurlann.com\/#\/schema\/logo\/image\/","url":"https:\/\/harasdaurlann.com\/wp-content\/uploads\/2024\/03\/cropped-Capture_d_ecran_2024-03-23_a_18.24.23-removebg-preview.png","contentUrl":"https:\/\/harasdaurlann.com\/wp-content\/uploads\/2024\/03\/cropped-Capture_d_ecran_2024-03-23_a_18.24.23-removebg-preview.png","width":493,"height":501,"caption":"Scea de Kervache"},"image":{"@id":"https:\/\/harasdaurlann.com\/#\/schema\/logo\/image\/"},"sameAs":["https:\/\/www.facebook.com\/HarasdAurlann","https:\/\/www.instagram.com\/elevage_d_aurlann\/"]}]}},"_links":{"self":[{"href":"https:\/\/harasdaurlann.com\/index.php\/wp-json\/wp\/v2\/pages\/13","targetHints":{"allow":["GET"]}}],"collection":[{"href":"https:\/\/harasdaurlann.com\/index.php\/wp-json\/wp\/v2\/pages"}],"about":[{"href":"https:\/\/harasdaurlann.com\/index.php\/wp-json\/wp\/v2\/types\/page"}],"author":[{"embeddable":true,"href":"https:\/\/harasdaurlann.com\/index.php\/wp-json\/wp\/v2\/users\/1"}],"replies":[{"embeddable":true,"href":"https:\/\/harasdaurlann.com\/index.php\/wp-json\/wp\/v2\/comments?post=13"}],"version-history":[{"count":31,"href":"https:\/\/harasdaurlann.com\/index.php\/wp-json\/wp\/v2\/pages\/13\/revisions"}],"predecessor-version":[{"id":684,"href":"https:\/\/harasdaurlann.com\/index.php\/wp-json\/wp\/v2\/pages\/13\/revisions\/684"}],"wp:attachment":[{"href":"https:\/\/harasdaurlann.com\/index.php\/wp-json\/wp\/v2\/media?parent=13"}],"curies":[{"name":"wp","href":"https:\/\/api.w.org\/{rel}","templated":true}]}}